ors of 114543.
3, 11, 13, 89
What are the prime factors of 5645?
5, 1129
List the prime factors of 89.
89
List the prime factors of 1898.
2, 13, 73
List the prime factors of 48171.
3, 16057
List the prime factors of 4563.
3, 13
What are the prime factors of 3180?
2, 3, 5, 53
List the prime factors of 12703.
12703
List the prime factors of 358.
2, 179
List the prime factors of 10438.
2, 17, 307
What are the prime factors of 25374?
2, 3, 4229
What are the prime factors of 493?
17, 29
List the prime factors of 369.
3, 41
What are the prime factors of 13480?
2, 5, 337
What are the prime factors of 95384?
2, 11923
What are the prime factors of 1676?
2, 419
What are the prime factors of 463?
463
What are the prime factors of 2961?
3, 7, 47
What are the prime factors of 5566?
2, 11, 23
List the prime factors of 12247.
37, 331
What are the prime factors of 21677?
53, 409
List the prime factors of 389.
389
What are the prime factors of 12403?
79, 157
List the prime factors of 1273.
19, 67
List the prime factors of 8616.
2, 3, 359
What are the prime factors of 1086?
2, 3, 181
List the prime factors of 45646.
2, 29, 787
What are the prime factors of 4884?
2, 3, 11, 37
What are the prime factors of 12805?
5, 13, 197
List the prime factors of 6725.
5, 269
List the prime factors of 630.
2, 3, 5, 7
What are the prime factors of 1818?
2, 3, 101
What are the prime factors of 4211?
4211
What are the prime factors of 14747?
14747
List the prime factors of 118229.
191, 619
What are the prime factors of 31909?
17, 1877
What are the prime factors of 5978?
2, 7, 61
List the prime factors of 15772.
2, 3943
What are the prime factors of 6644?
2, 11, 151
List the prime factors of 1998.
2, 3, 37
What are the prime factors of 38596?
2, 9649
What are the prime factors of 25438?
2, 7, 23, 79
What are the prime factors of 7066?
2, 3533
List the prime factors of 2566.
2, 1283
What are the prime factors of 2090?
2, 5, 11, 19
List the prime factors of 92965.
5, 18593
List the prime factors of 36898.
2, 19, 971
What are the prime factors of 50965?
5, 10193
List the prime factors of 22692.
2, 3, 31, 61
List the prime factors of 110273.
110273
List the prime factors of 4919.
4919
List the prime factors of 2135.
5, 7, 61
What are the prime factors of 33446?
2, 7, 2389
What are the prime factors of 211?
211
List the prime factors of 1128.
2, 3, 47
What are the prime factors of 1759?
1759
What are the prime factors of 9277?
9277
List the prime factors of 32204.
2, 83, 97
List the prime factors of 64564.
2, 16141
List the prime factors of 421.
421
List the prime factors of 129962.
2, 7, 9283
List the prime factors of 12884.
2, 3221
What are the prime factors of 28444?
2, 13, 547
List the prime factors of 9470.
2, 5, 947
What are the prime factors of 927?
3, 103
List the prime factors of 801.
3, 89
What are the prime factors of 357?
3, 7, 17
What are the prime factors of 41568?
2, 3, 433
List the prime factors of 1020.
2, 3, 5, 17
What are the prime factors of 1975?
5, 79
List the prime factors of 95172.
2, 3, 7, 11, 103
List the prime factors of 1398.
2, 3, 233
List the prime factors of 14202.
2, 3, 263
List the prime factors of 6230.
2, 5, 7, 89
What are the prime factors of 2766?
2, 3, 461
List the prime factors of 8067.
3, 2689
List the prime factors of 25.
5
List the prime factors of 2590.
2, 5, 7, 37
What are the prime factors of 18019?
37, 487
What are the prime factors of 4439?
23, 193
What are the prime factors of 175?
5, 7
What are the prime factors of 849?
3, 283
What are the prime factors of 4082?
2, 13, 157
What are the prime factors of 361?
19
List the prime factors of 4295.
5, 859
List the prime factors of 79072.
2, 7, 353
List the prime factors of 78345.
3, 5, 1741
What are the prime factors of 544?
2, 17
List the prime factors of 4070.
2, 5, 11, 37
List the prime factors of 1149.
3, 383
List the prime factors of 3695.
5, 739
What are the prime factors of 32297?
32297
What are the prime factors of 8007?
3, 17, 157
List the prime factors of 1022.
2, 7, 73
What are the prime factors of 493?
17, 29
List the prime factors of 6269.
6269
What are the prime factors of 938?
2, 7, 67
What are the prime factors of 8658?
2, 3, 13, 37
List the prime factors of 17707.
17707
List the prime factors of 21800.
2, 5, 109
List the prime factors of 3247.
17, 191
What are the prime factors of 12393?
3, 17
List the prime factors of 635.
5, 127
What are the prime factors of 1443?
3, 13, 37
List the prime factors of 4312.
2, 7, 11
List the prime factors of 38184.
2, 3, 37, 43
List the prime factors of 31876.
2, 13, 613
What are the prime factors of 107754?
2, 3, 17959
What are the prime factors of 51711?
3, 11, 1567
List the prime factors of 2204.
2, 19, 29
List the prime factors of 17150.
2, 5, 7
List the prime factors of 119.
7, 17
What are the prime factors of 8687?
7, 17, 73
What are the prime factors of 1509?
3, 503
List the prime factors of 40352.
2, 13, 97
List the prime factors of 2133.
3, 79
What are the prime factors of 3155?
5, 631
What are the prime factors of 47590?
2, 5, 4759
What are the prime factors of 6907?
6907
What are the prime factors of 1357?
23, 59
What are the prime factors of 1081?
23, 47
List the prime factors of 1390.
2, 5, 139
List the prime factors of 1132.
2, 283
List the prime factors of 16506.
2, 3, 7, 131
List the prime factors of 7157.
17, 421
List the prime factors of 147207.
3, 49069
What are the prime factors of 21499?
21499
What are the prime factors of 11552?
2, 19
List the prime factors of 3581.
3581
What are the prime factors of 953?
953
What are the prime factors of 1270?
2, 5, 127
List the prime factors of 11054.
2, 5527
What are the prime factors of 172?
2, 43
List the prime factors of 645.
3, 5, 43
List the prime factors of 64757.
7, 11, 29
List the prime factors of 90456.
2, 3, 3769
List the prime factors of 6523.
11, 593
List the prime factors of 17688.
2, 3, 11, 67
What are the prime factors of 80936?
2, 67, 151
What are the prime factors of 1238?
2, 619
What are the prime factors of 270?
2, 3, 5
What are the prime factors of 272?
2, 17
List the prime factors of 967.
967
List the prime factors of 65880.
2, 3, 5, 61
What are the prime factors of 2216?
2, 277
List the prime factors of 1765.
5, 353
What are the prime factors of 141?
3, 47
What are the prime factors of 1472?
2, 23
What are the prime factors of 21998?
2, 17, 647
List the prime factors of 1191.
3, 397
What are the prime factors of 128324?
2, 7, 4583
What are the prime factors of 786?
2, 3, 131
List the prime factors of 874.
2, 19, 23
List the prime factors of 3642.
2, 3, 607
What are the prime factors of 3611?
23, 157
What are the prime factors of 6488?
2, 811
What are the prime factors of 2380?
2, 5, 7, 17
List the prime factors of 905.
5, 181
What are the prime factors of 135107?
7, 19301
What are the prime factors of 498?
2, 3, 83
What are the prime factors of 2701?
37, 73
List the prime factors of 518.
2, 7, 37
List the prime factors of 6189.
3, 2063
List the prime factors of 2354.
2, 11, 107
List the prime factors of 117216.
2, 3, 11, 37
What are the prime factors of 40920?
2, 3, 5, 11, 31
List the prime factors of 56.
2, 7
What are the prime factors of 2407?
29, 83
What are the prime factors of 294?
2, 3, 7
List the prime factors of 770.
2, 5, 7, 11
What are the prime factors of 19487?
13, 1499
List the prime factors of 5124.
2, 3, 7, 61
What are the prime factors of 38633?
7, 5519
List the prime factors of 8679.
3, 11, 263
What are the prime factors of 311?
311
What are the prime factors of 1639?
11, 149
List the prime factors of 2105.
5, 421
List the prime factors of 11139.
3, 47, 79
What are the prime factors of 1996?
2, 499
What are the prime factors of 2274?
2, 3, 379
What are the prime factors of 840?
2, 3, 5, 7
List the prime factors of 63136.
2, 1973
List the prime factors of 4952.
2, 619
What are the prime factors of 192287?
17, 11311
What are the prime factors of 528?
2, 3, 11
List the prime factors of 1383.
3, 461
List the prime factors of 1474.
2, 11, 67
What are the prime factors of 4302?
2, 3, 239
What are the prime factors of 16903?
16903
List the prime factors of 7587.
3, 281
List the prime factors of 3763.
53, 71
List the prime factors of 3413.
3413
List t